.
-30
Let h(d) = -d**2 + 7*d - 1. Let m(w) = w**3 + 5*w**2 + 6*w. Let u be m(-3). Suppose u = -k + 2 + 73. Let i = k - 68. Give h(i).
-1
Let b(k) be the second derivative of k**4/6 + k**3/2 + 47*k**2/2 + 3648*k. Give b(0).
47
Suppose 0 = -7*i - 49 + 14. Let l(s) = 2 + 6*s - 766*s**2 + 1490*s**2 - 729*s**2 - s**3. What is l(i)?
-28
Let x = 189 + -184. Suppose x*q - 16 = 9*q. Let y(o) = -o. Calculate y(q).
4
Let v(u) = u**3 - 5*u**2 + 7*u. Let p = -312 + 315. Suppose -5*f = -p*l + 14, 2*f = f - 1. Determine v(l).
3
Let c = -243 - -408. Let d be (3 - c/25) + 4/(-10). Let p be 3 + d/(-6)*-9. Let w(m) = -2*m**2 + 1. What is w(p)?
-17
Let s(n) = n**2 + 9*n - 13. Let l be 44/3 - (-4)/12. Let x = 35 - l. Suppose -16*g + 14*g = x. Give s(g).
-3
Let g(x) = x**2 + x - 4. Let u be (-23)/((-414)/108) - 6/2. Calculate g(u).
8
Let q(t) = t**3 + 3*t**2 + 5*t + 2. Let r be 6 - 11/((-22)/(-6)). Suppose -9*s + 4*s - r*a = 11, 4*a - 8 = -s. Give q(s).
-34
Let m(k) be the third derivative of k**4/24 + 5*k**3/6 + 57*k**2 + 1. Let w be (72/60)/((-6)/40). What is m(w)?
-3
Let q(w) = w**3 + 5 - 1 - 127323*w + 127332*w - 11*w**2. Determine q(10).
-6
Let o(h) = -5*h**2 + h - 2. Let f(a) = 6*a**2 + 19*a + 32. Let j be f(-2). Suppose 5*t = -y - 7, -3*y + 13*t - 11 = j*t. Determine o(y).
-24
Suppose 7*o + 1446 - 4540 = 0. Let z(d) = -o + 147 + d + 146 + 152. What is z(0)?
3
Let k(p) = 3 - 26 + 18 + 4*p**2 - 4*p. Give k(4).
43
Let t(r) = 12*r - 560. Let j be t(47). Let v(a) = a**3 - 4*a**2 - 8*a + 10. What is v(j)?
-22
Let z(g) = 2*g**2 - g + 1. Let k(t) = -9*t**2 + 5*t - 27. Let u(n) = k(n) + 5*z(n). Give u(5).
3
Let f(m) be the first derivative of -19*m**2/2 + 327*m + 8918. Calculate f(17).
4
Let d(w) = -622 + 17*w + 1868 - 641 - 631 + 9*w + 2*w**2. Determine d(-13).
-26
Let f(n) = n**3 - 19*n**2 + 20*n - 23. Suppose -73*u - 3*k - 90 = -77*u, -3*k + 54 = 4*u. Calculate f(u).
13
Let t(k) = k**3 + 6*k**2 - k - 3. Suppose -23 = -2*v + v. Let l = v + -29. Determine t(l).
3
Let r(u) = 29*u**2 - 94*u**2 + 29*u**2 + 19*u + 29*u**2 + 2 - 50*u**3 + 49*u**3. Give r(-9).
-7
Let w(i) = -44*i + 4 + 0 + 1 + 43*i. Let b be w(10). Let y(x) = x**2 + x - 3. Calculate y(b).
17
Let h(r) = -r**3 + 11*r**2 - 11*r - 13. Suppose -3*q - 2*q - 16*p = -109, 4*p - 52 = -4*q. What is h(q)?
50
Let z(j) = 11*j + 71. Let l(u) = -122*u + 969. Let w be l(8). Give z(w).
-6
Let r(w) = 9 + 140745*w**2 - w**3 - 70379*w**2 - 70374*w**2 + 10*w. Give r(-4).
-95
Let l(t) = -2*t - 1. Let b(y) = -y**2 - 11*y + 1. Suppose 29*u = 86*u - 285. Let z(x) = u*l(x) - b(x). Determine z(0).
-6
Let u(d) = d**2 - 5*d + 6. Let h(j) = -j**2 + 8*j + 12. Let l be h(9). Suppose 0 = -2*c + 14*c - 228. Suppose -4*r - 2*b = -5*b - c, 2*r = -5*b + l. Give u(r).
2
Let m(n) = 0*n - 2 - 35 + 0 + 9 + 4*n. Determine m(-10).
-68
Let b(m) = -337*m + 8. Let v(u) = 426*u - 9. Let g(d) = -5*b(d) - 4*v(d). Determine g(0).
-4
Let w(p) = -p + 10. Let v be w(8). Let r(b) = -b**2 - b**3 + 26 + v - 4. Let t(u) = -u**3 - 51*u**2 - 57*u - 350. Let h be t(-50). Give r(h).
24
Let l(g) = -g**3 - 10*g**2 + 11*g - 2. Let n(u) = 6*u - 75. Let y be n(-10). Let b = y + 124. Calculate l(b).
-2
Let x(c) = -9*c. Let y be 0 + 3 + 3 + -18. Let u be 16/y*(-3)/2. Suppose 0 = -2*z + u - 0. Calculate x(z).
-9
Let x(k) = -2*k - 6. Let d(w) = -w**2 + 17*w - 14. Let p be d(15). Suppose -944 = -p*z - 48. Let b = -60 + z. What is x(b)?
2
Let s(c) = 5*c - 77. Let b(m) = 15*m - 161. Let i(o) = 4*b(o) - 10*s(o). What is i(-12)?
6
Let l(m) be the first derivative of -3/2*m**2 - 5/3*m**3 - 1/4*m**4 + 0*m + 66. Determine l(-3).
-9
Let h(u) = 9*u + 5 + 0*u - 10*u. Let z = -417 + 421. Suppose 2*a - 38 = -4*k, -z*k = -3*a + 4*a - 29. Calculate h(a).
-4
Let l(p) = -429*p + 95. Let a(n) = 151*n - 31. Let c(t) = 17*a(t) + 6*l(t). Calculate c(13).
-48
Suppose 5*b + 2 + 1 = -3*o, 4*o - 10 = -2*b. Suppose 0*l = -o*l + 7*l. Let c be (0 - (l + 8)) + 0. Let u(i) = -i**2 - 6*i + 11. What is u(c)?
-5
Let o(h) = -h**2 + 15*h - 14. Suppose -a - 13 = -27. Let k be o(a). Let f(v) = 10 - 4*v**2 - v**3 - 3 + 6*v + k + 8*v**2. What is f(5)?
12
Let p(s) be the second derivative of s**5/10 + s**4/6 - s**3/2 - 990*s + 1. Determine p(2).
18
Let o(h) = 5*h**2 - 184*h - 38. Let v be o(37). Let w(f) = 46*f + 15. Calculate w(v).
-31
Let i(z) = 1 + 106*z - 244*z + 23 + 9 - 5*z**2 + 69*z. Determine i(-14).
19
Let w(j) be the first derivative of 2*j**2 - j + 103. Let k(p) = p + 2. Let c(b) = 2*k(b) + w(b). Give c(-5).
-27
Let z(p) = -p**3 + 4*p**2 - 2. Suppose 0 = -l - 5*k + 195 - 220, 0 = l - 4*k - 29. What is z(l)?
-27
Suppose 166*i - 4*x = 164*i + 4, 60 = 3*i + 3*x. Let b(w) = -w**2 + 50*w - 504. What is b(i)?
0
Suppose 315 = 12*m - 75*m. Let h(a) = 2*a**3 + 5*a**2 - 2*a - 4. Give h(m).
-119
Let f(o) = -2*o + 9. Let c(l) = 19*l + 116. Let b(m) = c(m) - 4*f(m). Determine b(-3).
-1
Let p(k) = k**2 - 31*k + 216. Let h be p(16). Let i(v) = 6*v + 139. Let c be i(h). Let u(x) = -x**3 - 6*x**2 - 2*x + 7. Determine u(c).
-8
Let p be 432/234 - (-6)/39. Let i(j) = 9 - 25*j**2 + 0*j + p*j + 26*j**2. Calculate i(0).
9
Let h(v) = v + 1. Let m(q) = -2*q**2 + 94*q + 518. Let b be m(52). What is h(b)?
-1
Let r(h) = -h**3 + 17*h**2 + 20*h - 28. Let g(q) = 3*q**3 - 50*q**2 - 59*q + 84. Let x(t) = 6*g(t) + 17*r(t). What is x(12)?
4
Suppose -5*o + 25 = -b - 2*b, 2*b + o + 8 = 0. Let s(x) = 69*x + 133. Let a(z) = -11*z - 22. Let g(d) = 6*a(d) + s(d). Determine g(b).
-14
Let r(u) = 2*u**2 - 39*u - 63. Let k be ((-42)/15)/(1 + (-85)/75). Calculate r(k).
0
Let i(p) = 14*p**2 + 34*p + 8. Let w(s) = -2*s**2 - 4*s - 1. Let b(u) = i(u) + 6*w(u). Give b(-5).
2
Let q(d) = -9*d**3 + 7*d**2 + d. Let x(l) = 44*l**3 - 40*l**2 - 2. Let u(a) = 5*q(a) + x(a). Let m be 2/((-2)/5) + -1. What is u(m)?
4
Let b(d) = -8*d - 1. Let o(t) = -22*t**3 + 21*t**3 - 7*t**2 - 3*t + 0*t**2 - 7*t. Let p be o(-5). Let h be 4 - p - 20/4. Give b(h).
7
Let j(u) be the third derivative of -u**6/120 + 3*u**5/20 - 5*u**4/12 + 8*u**3/3 + 2*u**2 + 4. Let p = 346 - 338. Determine j(p).
0
Let w(f) = f - 4. Let m be (3 - 9)*1/3*1. Let g(d) = -4*d - 2*d**2 - 11 + d**2 + 0*d**2 + 4. Let t be g(m). Determine w(t).
-7
Let x(p) be the first derivative of -3 - 1/3*p**3 - 1/60*p**5 + 3/8*p**4 - p**2 + 0*p. Let y(u) be the second derivative of x(u). What is y(9)?
-2
Let b(i) = -i**3 + 3*i**2 - 2*i - 1. Suppose -3*c = 5*x - 19, -3*x - 4*c = -6*c. Let w be x + -6 + 3 - 2. Let s be (-2)/w*72/16. Give b(s).
-7
Let p(a) = 85*a**3 + 11 - 10 - 5*a + 6*a**2 - 91*a**3. Determine p(1).
-4
Let k = 4319 - 8637/2. Let u(w) be the first derivative of -k*w**2 + 5*w + 38. Give u(0).
5
Let f(p) = 4*p - 2. Let i be f(2). Let r(l) be the second derivative of l**5/20 - 2*l**4/3 + 13*l**3/6 - 7*l**2/2 - 6389*l - 5. Determine r(i).
-1
Let u(f) = f + 3. Let m be 4/14 - (-68)/7. Let j(i) = i**2 + 2*i - 45. Let a be j(-7). Let x = m + a. What is u(x)?
3
Let k(d) = -2*d - 3. Let q = -3251 - -3242. What is k(q)?
15
Let a(k) = 3 - 42*k + 41*k + 3. Let x(j) = j**2 - 8*j - 4. Let v be 20/(-8)*(-54)/15. Let m be x(v). Determine a(m).
1
Let c(d) = 3*d**3 - 7*d**2 + 4*d + 1. Let o(a) be the first derivative of -a**4/2 + a**3/3 - a**2/2 + a - 72. Let x(s) = -c(s) - o(s). Determine x(5).
8
Let c(h) = h**3 + 3*h**2 - 2*h - 3. Suppose -8*a + 6*a = -94. Let d = -47 + a. Suppose -6*i + 10*i + 12 = d. Determine c(i).
3
Suppose -10*j + 49 = -3*j. Suppose 112*w - 105*w - j = 0. Let o(i) = -23*i - 1. What is o(w)?
-24
Let n be 1462/(-18) + (-2)/(-9). Let t = n + 73. Let l(o) = o + 6. Give l(t).
-2
Suppose -15*h - 72 = -6*h. Let m(d) = 3*d**3 - 9*d**2 - d. Let z(v) = -5*v**3 + 13*v**2 + v. Let l(f) = h*m(f) - 5*z(f). Calculate l(-5).
35
Let q(w) be the third derivative of w**4/24 - 11*w**3/6 + w**2. Let r be ((-6)/(180/35)*2)/((-7)/15). Give q(r).
-6
Suppose 2*h = -4*o + 2, o - 2*o + 2 = h. Let f(i) = -2956*i + 2 - 3 - i**h + 2957*i - 2*i**2. What is f(-2)?
-3
Suppose 101*c + 1702 = 288. Let t(y) = -y**3 - 14*y**2 + 2*y + 33. What is t(c)?
5
Let t(j) = -6*j**2 + 4*j - 12. Let b(r) = -5*r**2 + 4*r - 14. Let s(a) = 4*b(a) - 3*t(a). Let p(o) be the first derivative of s(o). What is p(3)?
-8
Let w(t) = -7*t**2 + 6*t + 13. Let l = -70 - -102. Let m = l + -27. Let p(q) = -3*q**2 + 3*q + 6. Let j(x) = m*p(x) - 2*w(x). What is 